y 28.
6
Calculate the remainder when 123 is divided by 62.
61
Calculate the remainder when 3134 is divided by 70.
54
Calculate the remainder when 2978 is divided by 5.
3
Calculate the remainder when 60681 is divided by 12.
9
What is the remainder when 1156 is divided by 170?
136
What is the remainder when 7676 is divided by 2558?
2
Calculate the remainder when 413 is divided by 182.
49
What is the remainder when 177 is divided by 49?
30
Calculate the remainder when 387 is divided by 15.
12
What is the remainder when 18873 is divided by 26?
23
Calculate the remainder when 2352 is divided by 64.
48
What is the remainder when 282 is divided by 58?
50
What is the remainder when 4514 is divided by 43?
42
Calculate the remainder when 4442 is divided by 139.
133
What is the remainder when 168 is divided by 77?
14
Calculate the remainder when 475 is divided by 7.
6
Calculate the remainder when 419 is divided by 172.
75
What is the remainder when 479 is divided by 80?
79
Calculate the remainder when 48 is divided by 21.
6
What is the remainder when 2898 is divided by 58?
56
What is the remainder when 494 is divided by 162?
8
Calculate the remainder when 335 is divided by 69.
59
What is the remainder when 616 is divided by 10?
6
What is the remainder when 82 is divided by 5?
2
What is the remainder when 1536 is divided by 232?
144
Calculate the remainder when 508 is divided by 4.
0
What is the remainder when 718 is divided by 121?
113
What is the remainder when 463 is divided by 19?
7
Calculate the remainder when 731 is divided by 105.
101
Calculate the remainder when 905 is divided by 65.
60
What is the remainder when 154 is divided by 34?
18
Calculate the remainder when 401 is divided by 117.
50
What is the remainder when 5158 is divided by 10?
8
What is the remainder when 938 is divided by 63?
56
What is the remainder when 441 is divided by 203?
35
What is the remainder when 118 is divided by 10?
8
What is the remainder when 636 is divided by 68?
24
What is the remainder when 2743 is divided by 135?
43
Calculate the remainder when 213 is divided by 72.
69
Calculate the remainder when 77 is divided by 26.
25
Calculate the remainder when 2815 is divided by 88.
87
What is the remainder when 95 is divided by 21?
11
Calculate the remainder when 245 is divided by 105.
35
Calculate the remainder when 359 is divided by 19.
17
What is the remainder when 251 is divided by 51?
47
Calculate the remainder when 131 is divided by 48.
35
Calculate the remainder when 1618 is divided by 28.
22
What is the remainder when 187 is divided by 50?
37
What is the remainder when 21640 is divided by 23?
20
Calculate the remainder when 656 is divided by 174.
134
Calculate the remainder when 550 is divided by 46.
44
Calculate the remainder when 141 is divided by 43.
12
Calculate the remainder when 3093 is divided by 155.
148
Calculate the remainder when 4475 is divided by 12.
11
Calculate the remainder when 284 is divided by 148.
136
What is the remainder when 59 is divided by 12?
11
Calculate the remainder when 170 is divided by 37.
22
Calculate the remainder when 329 is divided by 22.
21
Calculate the remainder when 718 is divided by 16.
14
What is the remainder when 79 is divided by 17?
11
What is the remainder when 140 is divided by 29?
24
What is the remainder when 409 is divided by 121?
46
What is the remainder when 323 is divided by 66?
59
Calculate the remainder when 4349 is divided by 136.
133
What is the remainder when 155 is divided by 84?
71
Calculate the remainder when 552 is divided by 181.
9
Calculate the remainder when 484 is divided by 27.
25
What is the remainder when 944 is divided by 938?
6
What is the remainder when 64 is divided by 17?
13
Calculate the remainder when 628 is divided by 172.
112
Calculate the remainder when 402 is divided by 8.
2
What is the remainder when 378 is divided by 56?
42
Calculate the remainder when 523 is divided by 108.
91
What is the remainder when 772 is divided by 52?
44
Calculate the remainder when 258 is divided by 58.
26
Calculate the remainder when 513 is divided by 134.
111
What is the remainder when 1309 is divided by 84?
49
Calculate the remainder when 200 is divided by 26.
18
Calculate the remainder when 45 is divided by 25.
20
What is the remainder when 663 is divided by 12?
3
Calculate the remainder when 390 is divided by 40.
30
What is the remainder when 505 is divided by 31?
9
Calculate the remainder when 397 is divided by 11.
1
Calculate the remainder when 925 is divided by 85.
75
What is the remainder when 169 is divided by 44?
37
Calculate the remainder when 3119 is divided by 313.
302
What is the remainder when 410 is divided by 40?
10
Calculate the remainder when 385 is divided by 4.
1
Calculate the remainder when 139 is divided by 51.
37
What is the remainder when 569 is divided by 72?
65
Calculate the remainder when 1853 is divided by 206.
205
What is the remainder when 119 is divided by 43?
33
What is the remainder when 225 is divided by 44?
5
What is the remainder when 556 is divided by 229?
98
Calculate the remainder when 59 is divided by 8.
3
Calculate the remainder when 9 is divided by 6.
3
What is the remainder when 4223 is divided by 95?
43
What is the remainder when 1009 is divided by 5?
4
What is the remainder when 943 is divided by 117?
7
What is the remainder when 319 is divided by 119?
81
What is the remainder when 63 is divided by 17?
12
What is the remainder when 2344 is divided by 137?
15
Calculate the remainder when 110 is divided by 53.
4
Calculate the remainder when 457 is divided by 159.
139
What is the remainder when 148 is divided by 19?
15
What is the remainder when 128 is divided by 10?
8
What is the remainder when 1885 is divided by 37?
35
Calculate the remainder when 287 is divided by 54.
17
What is the remainder when 1186 is divided by 29?
26
Calculate the remainder when 3628 is divided by 10.
8
Calculate the remainder when 59 is divided by 32.
27
Calculate the remainder when 537 is divided by 30.
27
Calculate the remainder when 2438 is divided by 188.
182
What is the remainder when 15 is divided by 1?
0
Calculate the remainder when 2601 is divided by 42.
39
What is the remainder when 1549 is divided by 758?
33
What is the remainder when 212 is divided by 73?
66
Calculate the remainder when 825 is divided by 208.
201
What is the remainder when 82 is divided by 61?
21
Calculate the remainder when 65 is divided by 11.
10
What is the remainder when 1314 is divided by 20?
14
What is the remainder when 738 is divided by 57?
54
Calculate the remainder when 198 is divided by 34.
28
What is the remainder when 384 is divided by 23?
16
What is the remainder when 137 is divided by 14?
11
Calculate the remainder when 101 is divided by 53.
48
Calculate the remainder when 45 is divided by 28.
17
What is the remainder when 996 is divided by 256?
228
What is the remainder when 52 is divided by 3?
1
What is the remainder when 1361 is divided by 22?
19
Calculate the remainder when 1284 is divided by 8.
4
Calculate the remainder when 108 is divided by 17.
6
Calculate the remainder when 47 is divided by 42.
5
Calculate the remainder when 513 is divided by 18.
9
Calculate the remainder when 915 is divided by 61.
0
What is the remainder when 2015 is divided by 24?
23
What is the remainder when 6586 is divided by 54?
52
What is the remainder when 4860 is divided by 16?
12
What is the remainder when 1106 is divided by 380?
346
What is the remainder when 1537 is divided by 27?
25
Calculate the remainder when 12687 is divided by 235.
232
Calculate the remainder when 1342 is divided by 79.
78
What is the remainder when 367 is divided by 182?
3
Calculate the remainder when 117 is divided by 30.
27
Calculate the remainder when 178 is divided by 30.
28
Calculate the remainder when 657 is divided by 72.
9
What is the remainder when 299 is divided by 19?
14
Calculate the remainder when 2690 is divided by 2.
0
Calculate the remainder when 176 is divided by 52.
20
What is the remainder when 166 is divided by 72?
22
Calculate the remainder when 62 is divided by 24.
14
What is the remainder when 2993 is divided by 14?
11
What is the remainder when 233 is divided by 56?
9
What is the remainder when 1532 is divided 